= -7*m + 25. Calculate b(-6).
67
Let l(k) = -k**2 + 3*k + 2. What is l(2)?
4
Let u(p) = -5*p**2 + 247*p - 94. Determine u(49).
4
Let x(m) = -7*m**2 + 2*m. Calculate x(1).
-5
Let o(r) = -10*r + 201. Calculate o(19).
11
Let o(t) = t**3 + 4*t**2 + 3*t + 5. Determine o(-4).
-7
Let w(o) = -o**2 + 22*o - 19. What is w(23)?
-42
Let b(w) = w**2 - 24*w + 14. What is b(25)?
39
Let h(i) = -i**2 - 11*i - 15. Calculate h(-11).
-15
Let t(f) = -f**3 + 7*f**2 - 7*f + 11. Determine t(6).
5
Let k(s) = s - 14. What is k(6)?
-8
Let b(p) = -p - 3. Determine b(12).
-15
Let g(n) = -n**2 + 8*n + 28. What is g(12)?
-20
Let x(m) = m**2 - 13*m - 39. Determine x(7).
-81
Let y(w) = -w**2 + 12*w - 19. Calculate y(9).
8
Let h(b) = b**3 - 42*b**2 - 43*b + 3. Determine h(43).
3
Let f(z) = -3*z**2 + z + 8. Determine f(-2).
-6
Let k(f) = f**2 - 5*f - 8. Determine k(-2).
6
Let l(m) = -2*m**3 + 5*m**2 - 6*m - 3. Determine l(3).
-30
Let y(t) = t**2 - 39*t + 155. Calculate y(4).
15
Let x(g) = -2*g**2 - 12*g - 2. What is x(-3)?
16
Let x(l) = -l**3 - 14*l**2 + 34*l + 38. Determine x(-16).
6
Let n(l) = l**2 + l - 8. What is n(4)?
12
Let j(h) = h**3 - 5*h**2 + 3*h + 5. Calculate j(4).
1
Let r(q) = -9*q + 116. Determine r(9).
35
Let i(m) = m**3 + 4*m**2 + m - 5. Determine i(-4).
-9
Let o(a) = a - 8. Calculate o(-7).
-15
Let b(n) = 3*n**2 + 3*n. What is b(-2)?
6
Let u(x) = x**3 - 3*x**2 + 6*x - 15. Calculate u(2).
-7
Let w(d) = -d**2 + 2*d + 3. Determine w(3).
0
Let s(i) = i**3 - 5*i**2 - 7*i + 7. Calculate s(4).
-37
Let a(q) = -9*q - 11. Determine a(-4).
25
Let z(s) = s**3 + 9*s**2 - 11*s + 14. Give z(-10).
24
Let a(v) = v**3 - 9*v**2 - 24*v + 27. Calculate a(11).
5
Let h(l) = 10*l + 31. Calculate h(-3).
1
Let g(c) = -c**2 + 6*c - 7. What is g(4)?
1
Let n(g) = 2*g - 4. Determine n(2).
0
Let g(n) = 6*n - 9. Give g(7).
33
Let c(l) = -l - 28. Give c(4).
-32
Let q(x) = -4*x - 1. Calculate q(-1).
3
Let q(z) = -5*z - 30. Give q(-6).
0
Let o(m) = -10*m - 63. Calculate o(-6).
-3
Let w(d) = d**3 + 26*d**2 + 24*d - 28. What is w(-25)?
-3
Let d(o) = o**3 + 10*o**2 - o + 5. Determine d(-10).
15
Let u(k) = -k**2 + 7*k + 6. Determine u(8).
-2
Let g(p) = 5*p + 2. Determine g(1).
7
Let m(y) = 3*y - 11. Give m(7).
10
Let n(o) = 16*o - 50. Calculate n(1).
-34
Let m(i) = i**2 - 40*i - 88. What is m(42)?
-4
Let s(p) = 13*p**2 - 7*p - 15. Calculate s(-2).
51
Let i(x) = x**3 - 3*x**2 - 8*x + 3. Determine i(5).
13
Let u(i) = i**2 + 11*i + 6. Determine u(-9).
-12
Let d(y) = 81*y + 410. Give d(-5).
5
Let j(c) = -2*c**3 - 16*c**2 - 15*c + 3. Calculate j(-7).
10
Let t(l) = l**2 + 9*l + 13. Give t(-6).
-5
Let q(w) = -w**2 + 5*w + 8. What is q(-1)?
2
Let o(p) = -p**2 - p + 26. Give o(-5).
6
Let r(l) = -2*l**3 - 17*l**2 + 31*l - 24. Calculate r(-10).
-34
Let n(w) = w**2 - 9*w + 12. Determine n(6).
-6
Let t(o) = o**2 - 58*o - 3. What is t(58)?
-3
Let c(k) = -k**2 - 8*k + 2. What is c(-9)?
-7
Let l(f) = 2*f - 23. Determine l(7).
-9
Let f(d) = -2*d + 8. Calculate f(8).
-8
Let n(m) = m**3 + 6*m**2 - 9*m - 12. Determine n(-7).
2
Let q(c) = -2*c**3 + 11*c**2 + 2*c + 8. Determine q(6).
-16
Let y(r) = 51*r + 255. Give y(-5).
0
Let o(p) = 7*p**3 - 3*p**2 - 6. What is o(3)?
156
Let w(o) = -3*o**2 + 93*o - 85. Give w(30).
5
Let a(i) = i**2 - 4*i - 214. Calculate a(17).
7
Let c(n) = -2*n**2 - 22*n - 1. Determine c(-12).
-25
Let h(i) = -i**3 - i**2 - 32*i - 117. Calculate h(-3).
-3
Let q(i) = -3*i + 29. Give q(10).
-1
Let d(o) = -9*o - 56. Give d(-7).
7
Let n(c) = -4*c + 1. What is n(13)?
-51
Let x(b) = -b**2 + 21*b - 75. Calculate x(12).
33
Let z(h) = -22*h + 14. Calculate z(1).
-8
Let k(o) = 5*o + 3. Determine k(-3).
-12
Let v(i) = -67*i**2 + 7*i - 8. What is v(1)?
-68
Let r(l) = -3*l**2 + 5*l - 8. Calculate r(3).
-20
Let g(r) = r**3 + 21*r**2 + 25*r + 119. What is g(-20)?
19
Let v(w) = 2*w**2 - 5*w - 10. Calculate v(5).
15
Let d(n) = 9*n**2 + 3*n - 3. Determine d(1).
9
Let k(y) = y**3 - 4*y**2 - 8*y + 10. Determine k(6).
34
Let y(f) = -2*f - 2. What is y(-2)?
2
Let d(f) = f**3 - 14*f**2 + 27*f - 5. Calculate d(12).
31
Let t(j) = -6*j**2 - 2*j - 1. Determine t(2).
-29
Let w(v) = -17*v - 40. Calculate w(-2).
-6
Let k(d) = -d**3 - 5*d**2 + 2*d + 1. What is k(-3)?
-23
Let f(n) = -n**2 - 4*n - 2. Give f(-3).
1
Let p(w) = -w**3 + 7*w**2 + 13*w - 15. Calculate p(8).
25
Let r(h) = 3*h**2 + 7*h + 6. Give r(-4).
26
Let v(l) = -l**2 - 13*l - 6. Determine v(-10).
24
Let o(r) = -2*r - 49. Determine o(-25).
1
Let z(b) = -b**3 + 7*b**2 + b + 6. Give z(7).
13
Let g(j) = -j**3 + 6*j**2 + 19*j - 19. Give g(8).
5
Let p(o) = -2*o**2 - 39*o + 12. Give p(-20).
-8
Let i(p) = -p**2 - 2*p + 34. Determine i(6).
-14
Let q(p) = -20*p + 1. Give q(-1).
21
Let s(r) = 48*r**2 + r - 1. Give s(1).
48
Let z(m) = m + 22. Give z(-13).
9
Let f(j) = -4*j**2 + 9*j + 7. Calculate f(3).
-2
Let o(u) = -u**3 - 10*u**2 - 13*u + 15. Calculate o(-7).
-41
Let g(f) = -3*f + 40. Calculate g(14).
-2
Let v(r) = 4*r**2 - 22*r - 8. Calculate v(6).
4
Let g(o) = -2*o + 13. Calculate g(4).
5
Let a(c) = -3*c + 26. Calculate a(11).
-7
Let f(i) = -i**3 - 8*i**2 - 21*i - 56. Give f(-6).
-2
Let y(l) = l**3 - 4*l. Calculate y(-2).
0
Let d(x) = -27*x + 4. Give d(2).
-50
Let g(f) = 2*f + 44. What is g(-24)?
-4
Let j(z) = 11*z - 5. Calculate j(-2).
-27
Let v(b) = 3*b**2 + 5*b + 4. Determine v(-2).
6
Let k(p) = 10*p**3 + 2*p + 1. Give k(-1).
-11
Let m(t) = -t**3 - t**2 - t - 2. Give m(-2).
4
Let b(i) = -6*i**2 + i + 3. What is b(-1)?
-4
Let b(r) = -r**3 + 5*r**2 - 14*r. Give b(4).
-40
Let x(l) = l**3 + 16*l**2 + 15*l - 5. Calculate x(-15).
-5
Let n(s) = -15*s - 456. Calculate n(-32).
24
Let o(c) = -8*c - 127. Determine o(-15).
-7
Let o(j) = j**2 - 25*j + 24. Determine o(24).
0
Let c(z) = -z**2 + 6*z + 8. Determine c(6).
8
Let a(c) = c**2 - 13*c + 12. What is a(12)?
0
Let l(s) = -87*s - 261. What is l(-3)?
0
Let t(m) = -m**3 + 17*m**2 - 16*m + 6. What is t(16)?
6
Let m(u) = -10*u + 106. What is m(10)?
6
Let w(o) = -o**3 - 5*o**2 + 3*o - 7. What is w(-6)?
11
Let d(q) = q**3 - 9*q**2 + 9*q + 6. What is d(8)?
14
Let i(x) = -4*x + 8. Calculate i(3).
-4
Let h(q) = -q**3 - 5*q**2 + 2*q + 4. What is h(0)?
4
Let m(z) = z**2 + 3*z + 5. Calculate m(-9).
59
Let f(v) = -14*v - 65. Calculate f(-4).
-9
Let a(u) = -3*u**2 - 5*u + 6. What is a(3)?
-36
Let c(b) = b - 1. Calculate c(1).
0
Let j(h) = 45*h - 71. Give j(2).
19
Let m(j) = 7*j**2 - j. Determine m(1).
6
Let g(b) = -2*b - 12. What is g(-5)?
-2
Let b(c) = -4*c + 36. What is b(8)?
4
Let z(t) = t**3 + 16*t**2 - 19*t - 3. Give z(-17).
31
Let p(t) = t**3 + 5*t**2 + 7*t + 4. Give p(-4).
-8
Let z(b) = -2*b + 19. Give z(-14).
47
Let v(d) = -15*d + 4. Give v(2).
-26
Let a(y) = y**2 + 34*y - 414. Calculate a(-44).
26
Let t(m) = 19*m - 5. What is t(-10)?
-195
Let z(n) = 14*n + 24. Determine z(-4).
-32
Let i(y) = -2*y**3 + 5*y**2 - y + 1. What is i(3)?
-11
Let x(g) = -6*g**2 - 7*g - 9. What is x(-2)?
-19
Let i(y) = -21*y - 3. What is i(-2)?
39
Let k(m) = -5*m**2 - m + 1. Give k(-2).
-17
Let o(y) = -4*y**3 - y**2 - y. Determine o(-1).
4
Let r(f) = -f**3 - 2*f**2 + f - 8. What is r(-5)?
62
Let h(l) = 4*l + 44. Give h(-15).
-16
Let o(w) = 4*w - 57. What is o(16)?
7
Let d(l) = -4*l - 5. What is d(8)?
-37
Let l(r) = r**2 - 14*r. Give l(10).
-40
Let g(z) = -2*z**3 + 4*z**2 - 2*z - 1. Calculate g(2).
-5
Let t(j) = -2*j + 7. Determine t(12).
-17
Let w(h) = -h**2 + 11*h + 22. Determine w(9).
40
Let d(u) = 4*u + 9. What is d(-4)?
-7
Let m(u) = 2*u - 60. Calculate m(23).
-14
Let o(c) = -c**2 + 2*c + 5. Calculate o(4).
-3
Let n(z) = -2*z**3 + 16*z - 36. What is n(2)?
-20
Let r(v) = -v**3 - 4*v**2 + 2*v + 9. Give r(-4).
1
Let l(v) = -v**2 + 7*v + 55. What is l(15)?
-65
Let k(w) = -3*w - 24. What is k(-9)?
3
Let o(y) = -2*y**3 + 2*y**2 + 3*y + 15. Determine o(-3).
78
Let i(k) = 7*k + 35. Calculate i(0).
35
Let y(i) = i - 5. What is y(-9)?
-14
Let c(s) = -s - 41. Determine c(-9).
-32
Let u(h) = -6*h**3 + 6*h**2 + 5*h - 1. Calculate u(-1).
6
Let n(q) = -32*q**2 - 6*q + 4. Calculate n(1).
-34
Let f(n) = 2*n**2 + 12*n - 66. Calculate f(4).
14
Let n(f) = f**3 - 14*f**2 - 5*f + 71. Calculate n(14).
1
Let z(s) = -9*s. Determine z(-1).
9
Let t(u) = 3*u**3 - 2*u**2 + u - 1. Determine t(1).
1
Let c(n) = -n**3 - 16*n**2 + 2*n - 19. Determine c(-16).
-51
Let b(v) = -v**3 + v**2 - 7*